e the greatest common factor of a and 40.
5
Let a be ((-60)/(-9))/((4/(-15))/(234/(-45))). Calculate the greatest common divisor of a and 1150.
10
Let s be (54/12)/(3/56). Calculate the greatest common factor of s and 3759.
21
Let o = -592 - -1144. Suppose 6*w = o + 24. What is the greatest common divisor of 36 and w?
12
Suppose -3*u = 3*c + 42, -38 = -0*c + 4*c - 5*u. Let v(s) = -2*s**2 - 28*s - 11. Let a be v(c). Let q = 23 + a. Calculate the highest common factor of q and 30.
30
Let h(n) = n**3 + 2*n**2 - 11*n + 5. Let t be h(-4). Let w(d) = -d**3 + 19*d**2 - 15*d + 34. Let a be w(t). What is the highest common factor of a and 102?
51
Suppose 78*z + 454 - 7259 = 5675. Calculate the greatest common divisor of z and 120.
40
Let k(v) = v**2 + 29*v - 69. Let f be k(-31). Let n(p) = p**2 + 4*p - 7. Let h be n(f). Suppose 0*u = -2*u + 196. What is the greatest common factor of u and h?
14
Let q be 5 + 5 + -9 - 91. Let v be (-36)/q - (-94)/(-10). Let l = 23 + v. What is the greatest common factor of 2 and l?
2
Let y = -11921 + 12156. What is the highest common divisor of 165 and y?
5
Let k = 11060 + -9396. What is the greatest common divisor of k and 260?
52
Let l = 172 - 159. Suppose 12*h = 73 - l. Calculate the greatest common factor of h and 3.
1
Suppose 9 = 3*t - 0*t. Let p be -2*(t + (3 - 68/8)). Suppose -5*m - p*k + 183 = -217, 0 = -5*m - 2*k + 400. Calculate the greatest common factor of m and 20.
20
Let s = 57 + -35. Suppose -s*o + 2 = -24*o. Let t be (3 - 1)/(o + 15/13). Calculate the highest common factor of 65 and t.
13
Let a be -3 - (-22 + 5 + 10 + -1). Calculate the greatest common divisor of a and 3475.
5
Let h be (-2)/(-3) + 15/(-9). Let g be 4 - h - (-8)/(-4). Suppose -160*k + 3573 = -747. What is the highest common divisor of k and g?
3
Let l = 1569 + -834. What is the highest common factor of l and 1029?
147
Suppose 5*r + 6*d - 29779 = 0, -22*r + 21*r + d + 5958 = 0. Calculate the greatest common divisor of 322 and r.
161
Let l = 14 + -46. Let m(y) = y**3 + 31*y**2 - 35*y - 76. Let w be m(l). What is the highest common divisor of w and 50?
10
Let l be (1050942/994)/(15/14) + 2/10. Calculate the highest common factor of l and 42.
21
Suppose 2*z - 2*g = -12, 5*z - 5*g = -3*g - 30. Let y be (1 + 3)/(-4) + (z - -58). What is the highest common factor of 272 and y?
17
Suppose 5 = -4*h + 665. Suppose 3*i + 2*w = 11, 5*w + 6 = 2*i - 33. Suppose l - 22 = -i. What is the highest common divisor of l and h?
15
Let j = -18 - -20. Suppose -j*y + 10*y - 280 = 0. Let u be -1 + y + (7 - 2) + -5. Calculate the highest common factor of u and 170.
34
Let m be ((-12)/(-28))/(3/21) - -6. What is the greatest common factor of m and 393?
3
Suppose 14*t = 4576 - 4198. Calculate the highest common factor of t and 93.
3
Let h(r) = -r**3 + 2*r**2 + 8*r - 3. Let i(y) = -y**2 + 12*y - 8. Let v be i(11). Let n be h(v). What is the highest common factor of 84 and n?
12
Suppose 3*g = 269 + 235. Let l(p) = p + 32. Let y = 120 + -131. Let k be l(y). What is the greatest common factor of g and k?
21
Let j = 8550 + -8538. Suppose 15 = 3*o, -2*v = -v - 2*o + 17. Let u = v + 19. Calculate the greatest common factor of u and j.
12
Let j(x) = x**3 - 25*x**2 + 32*x - 256. Let n be j(25). What is the highest common factor of n and 102?
34
Let h = -33 - 2. Let v = 37 + h. Suppose 0 = -5*b + 4*p + 5 + 32, p - v = 0. Calculate the highest common divisor of b and 36.
9
Let l(k) = 23*k**3 - k**2 + 2*k + 2. Let y be l(-1). Let q be 8/(-3)*(-10)/y*-9. Suppose 8*u = 3*u + 400. Calculate the greatest common divisor of q and u.
10
Let i be 1*(2 - (12/3 + -2727)). What is the greatest common factor of 218 and i?
109
Let l be 7/(14/(-6))*58/(-3). Let i = -6 - -10. Suppose -16 = i*d, -w - 7 = 3*d - 24. What is the highest common divisor of l and w?
29
Suppose 12*g = -452 - 244. Let v be g/(-12) - 11/(-66). What is the highest common factor of v and 85?
5
Let y = 24138 + -24116. What is the greatest common divisor of y and 407?
11
Let p be 9*(-28)/1134 + 191/9. Suppose 20 = 5*v - 820. Calculate the greatest common divisor of p and v.
21
Suppose -29 + 59 = 10*m. Suppose -m*g = -22*g + 456. Calculate the greatest common divisor of 192 and g.
24
Suppose 71 - 14 = -2*f + a, -4*f = a + 111. Let s be (2 + (f/20 - 1))*-5. Suppose -s*q - 120 = -8*q. Calculate the highest common factor of 20 and q.
20
Let g = 6788 + -6744. Calculate the highest common divisor of 418 and g.
22
Let u = -1358 + 3840. What is the highest common divisor of u and 102?
34
Let b(z) be the third derivative of 17*z**4/24 - 23*z**3/6 - 83*z**2. Let d be b(7). What is the highest common divisor of d and 12?
12
Suppose 5*g - 30 = 95. Let h be -2*(137/(-2) + 1). Let l = h - 60. What is the greatest common divisor of g and l?
25
Let n(u) = 51*u**3 + 3*u**2 + 26*u - 56. Let o be n(2). What is the highest common divisor of o and 1287?
13
Let a = -35937 + 35943. What is the greatest common divisor of a and 18402?
6
Let o(r) = 2*r**2 + 26*r + 54. Let g be o(-12). Suppose -3*y - 2*y + 2*c + g = 0, -3*c - 15 = 0. Calculate the greatest common divisor of 18 and y.
2
Let q be (10 - 10)/(0 - -1). Let b be (4743/36)/17*(8 + q). What is the highest common divisor of 434 and b?
62
Suppose 2 = 6*c - 28. Let k(n) = -3*n**2 + 27*n + 12. Let u be k(c). What is the greatest common factor of u and 126?
18
Suppose -m + 33 = 2*p, -2*p - 8*m = -4*m - 48. Let g be ((-138)/1)/(21/p). Let c = g - -140. Calculate the greatest common factor of c and 24.
24
Let d be -10 - ((-195)/13 - 79). Calculate the highest common factor of 798 and d.
42
Suppose 0 = -3*f, -4*l + 4*f - f - 180 = 0. Let x = l - -86. Calculate the greatest common factor of x and 205.
41
Suppose 0 = 50*d - 190992 + 8279 - 28787. What is the greatest common divisor of 360 and d?
90
Suppose 31*r + 13*r = -13904. Let o = -294 - r. Calculate the greatest common factor of o and 297.
11
Let a(w) = w**3 - 2*w**2 - 15*w + 2. Suppose 0 = 25*y - 115 - 35. Let t be a(y). Calculate the highest common factor of t and 7.
7
Let w(r) = 2*r**2 - 71*r - 2337. Let f be w(65). Calculate the highest common factor of f and 28.
14
Let x(i) = -3*i + 9. Let a be (-8)/10*(-1 + 0 + -4). Let p be x(a). Let n be 41 - (2 + 3 + p) - 4. What is the highest common divisor of 280 and n?
35
Suppose -j + 205 = -0*j. Suppose -213 = -5*p + 3*l, 8*p - 3*p + 5*l - j = 0. Calculate the greatest common factor of 42 and p.
42
Let w = -2495 - -2725. What is the greatest common divisor of 345 and w?
115
Let d be (-14)/(-35) - (-363)/5. Suppose -q = -1, q = r + 3*q + d. Let z = 65 - r. Calculate the highest common factor of 56 and z.
28
Let s(q) be the first derivative of 3*q**4/4 - 13*q**3/3 + 7*q**2 - 16*q + 309. Let c be s(5). Calculate the highest common factor of 26 and c.
26
Let c be 14/21 - (3 - ((-798)/(-18) - -3)). What is the greatest common divisor of 455 and c?
5
Let w(g) = -8*g**3 + g**2 - 3*g - 3. Let x be w(-1). Let c(n) = 7*n + 0*n - 4 + x*n - 6 - n**2. Let a be c(6). What is the greatest common divisor of a and 20?
10
Suppose -325 = q - 6*q - c, 5*c + 355 = 5*q. Calculate the highest common factor of 2409 and q.
33
Let n = 1516 - 1446. Calculate the greatest common factor of 2160 and n.
10
Let j(z) = -2*z**2 - 4*z. Let d be j(8). Let u be ((-42)/5)/(24/d). Suppose 17*i - 39 - 199 = 0. Calculate the highest common factor of i and u.
14
Suppose 0 = 5*v - 3 - 12. Suppose 4*k + 580 = 2*d, -v*k + 1448 = 5*d + 63. What is the highest common factor of d and 40?
40
Let u be (30/(-25))/((-8)/7820) - 2 - -2. What is the highest common divisor of u and 621?
69
Let r be 27/(189/14) - 4*1 - -957. What is the highest common factor of 1528 and r?
191
Let f(g) = 4*g + 12. Suppose 0*o - 207 = 5*o - 4*q, 3*o + 137 = -4*q. Let t = -36 - o. Let h be f(t). Calculate the highest common divisor of 100 and h.
20
Suppose 6*y = 1545 + 3717. Suppose -4*u - 4*r + y = u, 0 = -4*u - 2*r + 698. Let c = -80 + u. Calculate the greatest common divisor of 31 and c.
31
Let v(z) be the third derivative of -7*z**6/120 - z**5/12 - z**4/12 + 5*z**3/3 - 23*z**2. Let s be v(-3). Calculate the highest common divisor of 20 and s.
20
Let p(u) = 14*u**2 - 9*u + 87. Suppose -68*b + 27 = -65*b. Let g be p(b). Calculate the highest common divisor of 57 and